{"id":3538,"date":"2019-07-01T15:28:46","date_gmt":"2019-07-01T13:28:46","guid":{"rendered":"https:\/\/www.pulledraia.it\/ferme\/"},"modified":"2019-07-01T15:30:38","modified_gmt":"2019-07-01T13:30:38","slug":"agritourisme-maremma","status":"publish","type":"page","link":"https:\/\/www.pulledraia.it\/fr\/agritourisme-maremma\/","title":{"rendered":"Ferme"},"content":{"rendered":"<p>[vc_row hide_bg_image_on_tablet=&#8221;&#8221; hide_bg_image_on_mobile=&#8221;&#8221;][vc_column][vc_single_image image=&#8221;1341&#8243; img_size=&#8221;full&#8221; alignment=&#8221;center&#8221; onclick=&#8221;link_image&#8221;][\/vc_column][\/vc_row][vc_row][vc_column][vc_column_text]Notre ferme est une partie int\u00e9grante des anciennes possessions de l\u2019Lorena Habsbourg, d\u00e9sormais subdivis\u00e9s en plusieurs exploitations ind\u00e9pendantes. M\u00eame apr\u00e8s l\u2019unification de l\u2019Italie, le Alberese soci\u00e9t\u00e9 est rest\u00e9e la propri\u00e9t\u00e9 de la Lorraine, qui avait achet\u00e9 en 1824 par le Corsini. Peu de temps apr\u00e8s le d\u00e9clenchement de la Premi\u00e8re Guerre mondiale Lorraine, sont devenus des ennemis de l\u2019Italie d\u2019\u00eatre sujets autrichiens, a vendu la soci\u00e9t\u00e9 \u00e0 l\u2019Rovere duc Lante della, on ne sait pas si un acte faux ou vrai, mais le gouvernement italien, par arr\u00eat\u00e9 du pr\u00e9fet Grosseto, le 17 Mars 1923, expropri\u00e9 les biens Alberese comme un atout d\u2019un pays soumis gagn\u00e9. Le Janvier 1, 1924 Alberese a \u00e9t\u00e9 affect\u00e9 \u00e0 la gestion de la Fighters nationale (ONC) qui a termin\u00e9 les travaux de restauration et construit environ 100 fermes donnant les noms des lieux de batailles de la Premi\u00e8re Guerre mondiale (Bainsizza, Montegrappa, Pasubio, Montesanto, Gorizia , Monte Asolone).[\/vc_column_text][\/vc_column][\/vc_row][vc_row css=&#8221;.vc_custom_1557996994001{margin-top: 20px !important;}&#8221;][vc_column width=&#8221;1\/2&#8243;][vc_single_image image=&#8221;1347&#8243; img_size=&#8221;&#8221; alignment=&#8221;center&#8221; onclick=&#8221;link_image&#8221;][\/vc_column][vc_column width=&#8221;1\/2&#8243;][vc_single_image image=&#8221;1351&#8243; img_size=&#8221;&#8221; alignment=&#8221;center&#8221; onclick=&#8221;link_image&#8221;][\/vc_column][\/vc_row][vc_row][vc_column][vc_column_text]La ferme s\u2019\u00e9tend sur environ 24 hectares, et nous \u00e9tions les premiers dans le quartier de Alberese pour commencer la production biologique, dans le respect absolu des r\u00e8gles et des normes de qualit\u00e9 impos\u00e9es par la loi. \u00c0 ce jour, non seulement de continuer \u00e0 observer strictement les r\u00e8gles et les normes (parce que nous sommes les premiers consommateurs de nos produits \u2026), mais nous continuons \u00e0 soumettre \u00e0 la proc\u00e9dure de contr\u00f4le d\u2019une institution accr\u00e9dit\u00e9e. Il a atteint ce r\u00e9sultat apr\u00e8s huit ann\u00e9es de conversion de l\u2019agriculture conventionnelle (l\u2019une bas\u00e9e sur la consommation d\u2019engrais synth\u00e9tiques et de pesticides chimiques pour \u00eatre clair) \u00e0 l\u2019agriculture biologique (1983 \u00e0 1991 par l\u2019ancien directeur, M. George Verutti) faire les rotations de cultures.[\/vc_column_text][\/vc_column][\/vc_row][vc_row css=&#8221;.vc_custom_1557996999366{margin-top: 20px !important;}&#8221;][vc_column width=&#8221;1\/2&#8243;][vc_single_image image=&#8221;1355&#8243; img_size=&#8221;&#8221; alignment=&#8221;center&#8221; onclick=&#8221;link_image&#8221;][\/vc_column][vc_column width=&#8221;1\/2&#8243;][vc_single_image image=&#8221;1359&#8243; img_size=&#8221;&#8221; alignment=&#8221;center&#8221; onclick=&#8221;link_image&#8221;][\/vc_column][\/vc_row][vc_row][vc_column][vc_column_text]Nous tenons \u00e0 souligner que l\u2019agriculture biologique pr\u00e9sentent de nombreux avantages:<\/p>\n<ul>\n<li>sont produits les aliments qui ne contiennent pas de pesticides<\/li>\n<li>s\u2019inquina non l\u2019air ambiant et surtout pas les eaux souterraines s\u2019inquina (eaux souterraines) dont ils tirent les aqueducs<\/li>\n<li>ne causent pas de pollution dans les installations de production de pesticides et d\u2019engrais chimiques et de leurs abords<\/li>\n<li>usine produira le plus de valeur nutritionnelle et un meilleur go\u00fbt<\/li>\n<\/ul>\n<p>[\/vc_column_text][\/vc_column][\/vc_row]<\/p>\n","protected":false},"excerpt":{"rendered":"<p>[vc_row hide_bg_image_on_tablet=&#8221;&#8221; hide_bg_image_on_mobile=&#8221;&#8221;][vc_column][vc_single_image image=&#8221;1341&#8243; img_size=&#8221;full&#8221; alignment=&#8221;center&#8221; onclick=&#8221;link_image&#8221;][\/vc_column][\/vc_row][vc_row][vc_column][vc_column_text]Notre ferme est une partie int\u00e9grante des anciennes possessions de l\u2019Lorena Habsbourg, d\u00e9sormais subdivis\u00e9s en plusieurs exploitations ind\u00e9pendantes. M\u00eame apr\u00e8s l\u2019unification de l\u2019Italie, le&hellip;<\/p>\n","protected":false},"author":1,"featured_media":1234,"parent":0,"menu_order":0,"comment_status":"closed","ping_status":"closed","template":"","meta":{"ngg_post_thumbnail":0,"footnotes":""},"categories":[],"tags":[],"class_list":["post-3538","page","type-page","status-publish","has-post-thumbnail","hentry"],"_links":{"self":[{"href":"https:\/\/www.pulledraia.it\/fr\/wp-json\/wp\/v2\/pages\/3538\/"}],"collection":[{"href":"https:\/\/www.pulledraia.it\/fr\/wp-json\/wp\/v2\/pages\/"}],"about":[{"href":"https:\/\/www.pulledraia.it\/fr\/wp-json\/wp\/v2\/types\/page\/"}],"author":[{"embeddable":true,"href":"https:\/\/www.pulledraia.it\/fr\/wp-json\/wp\/v2\/users\/1\/"}],"replies":[{"embeddable":true,"href":"https:\/\/www.pulledraia.it\/fr\/wp-json\/wp\/v2\/comments\/?post=3538"}],"version-history":[{"count":3,"href":"https:\/\/www.pulledraia.it\/fr\/wp-json\/wp\/v2\/pages\/3538\/revisions\/"}],"predecessor-version":[{"id":3541,"href":"https:\/\/www.pulledraia.it\/fr\/wp-json\/wp\/v2\/pages\/3538\/revisions\/3541\/"}],"wp:featuredmedia":[{"embeddable":true,"href":"https:\/\/www.pulledraia.it\/fr\/wp-json\/wp\/v2\/media\/1234\/"}],"wp:attachment":[{"href":"https:\/\/www.pulledraia.it\/fr\/wp-json\/wp\/v2\/media\/?parent=3538"}],"wp:term":[{"taxonomy":"category","embeddable":true,"href":"https:\/\/www.pulledraia.it\/fr\/wp-json\/wp\/v2\/categories\/?post=3538"},{"taxonomy":"post_tag","embeddable":true,"href":"https:\/\/www.pulledraia.it\/fr\/wp-json\/wp\/v2\/tags\/?post=3538"}],"curies":[{"name":"wp","href":"https:\/\/api.w.org\/{rel}","templated":true}]}}

<p>[vc_row hide_bg_image_on_tablet=&#8221;&#8221; hide_bg_image_on_mobile=&#8221;&#8221;][vc_column][vc_single_image image=&#8221;1341&#8243; img_size=&#8221;full&#8221; alignment=&#8221;center&#8221; onclick=&#8221;link_image&#8221;][/vc_column][/vc_row][vc_row][vc_column][vc_column_text]Notre ferme est une partie intégrante des anciennes possessions de l’Lorena Habsbourg, désormais subdivisés en plusieurs exploitations indépendantes. Même après l’unification de l’Italie, le Alberese société est restée la propriété de la Lorraine, qui avait acheté en 1824 par le Corsini. Peu de temps après le déclenchement de la Première Guerre mondiale Lorraine, sont devenus des ennemis de l’Italie d’être sujets autrichiens, a vendu la société à l’Rovere duc Lante della, on ne sait pas si un acte faux ou vrai, mais le gouvernement italien, par arrêté du préfet Grosseto, le 17 Mars 1923, exproprié les biens Alberese comme un atout d’un pays soumis gagné. Le Janvier 1, 1924 Alberese a été affecté à la gestion de la Fighters nationale (ONC) qui a terminé les travaux de restauration et construit environ 100 fermes donnant les noms des lieux de batailles de la Première Guerre mondiale (Bainsizza, Montegrappa, Pasubio, Montesanto, Gorizia , Monte Asolone).[/vc_column_text][/vc_column][/vc_row][vc_row css=&#8221;.vc_custom_1557996994001{margin-top: 20px !important;}&#8221;][vc_column width=&#8221;1/2&#8243;][vc_single_image image=&#8221;1347&#8243; img_size=&#8221;&#8221; alignment=&#8221;center&#8221; onclick=&#8221;link_image&#8221;][/vc_column][vc_column width=&#8221;1/2&#8243;][vc_single_image image=&#8221;1351&#8243; img_size=&#8221;&#8221; alignment=&#8221;center&#8221; onclick=&#8221;link_image&#8221;][/vc_column][/vc_row][vc_row][vc_column][vc_column_text]La ferme s’étend sur environ 24 hectares, et nous étions les premiers dans le quartier de Alberese pour commencer la production biologique, dans le respect absolu des règles et des normes de qualité imposées par la loi. À ce jour, non seulement de continuer à observer strictement les règles et les normes (parce que nous sommes les premiers consommateurs de nos produits …), mais nous continuons à soumettre à la procédure de contrôle d’une institution accréditée. Il a atteint ce résultat après huit années de conversion de l’agriculture conventionnelle (l’une basée sur la consommation d’engrais synthétiques et de pesticides chimiques pour être clair) à l’agriculture biologique (1983 à 1991 par l’ancien directeur, M. George Verutti) faire les rotations de cultures.[/vc_column_text][/vc_column][/vc_row][vc_row css=&#8221;.vc_custom_1557996999366{margin-top: 20px !important;}&#8221;][vc_column width=&#8221;1/2&#8243;][vc_single_image image=&#8221;1355&#8243; img_size=&#8221;&#8221; alignment=&#8221;center&#8221; onclick=&#8221;link_image&#8221;][/vc_column][vc_column width=&#8221;1/2&#8243;][vc_single_image image=&#8221;1359&#8243; img_size=&#8221;&#8221; alignment=&#8221;center&#8221; onclick=&#8221;link_image&#8221;][/vc_column][/vc_row][vc_row][vc_column][vc_column_text]Nous tenons à souligner que l’agriculture biologique présentent de nombreux avantages:</p>
<ul>
<li>sont produits les aliments qui ne contiennent pas de pesticides</li>
<li>s’inquina non l’air ambiant et surtout pas les eaux souterraines s’inquina (eaux souterraines) dont ils tirent les aqueducs</li>
<li>ne causent pas de pollution dans les installations de production de pesticides et d’engrais chimiques et de leurs abords</li>
<li>usine produira le plus de valeur nutritionnelle et un meilleur goût</li>
</ul>
<p>[/vc_column_text][/vc_column][/vc_row]</p>

<p>[vc_row hide_bg_image_on_tablet=&#8221;&#8221; hide_bg_image_on_mobile=&#8221;&#8221;][vc_column][vc_single_image image=&#8221;1341&#8243; img_size=&#8221;full&#8221; alignment=&#8221;center&#8221; onclick=&#8221;link_image&#8221;][/vc_column][/vc_row][vc_row][vc_column][vc_column_text]Notre ferme est une partie intégrante des anciennes possessions de l’Lorena Habsbourg, désormais subdivisés en plusieurs exploitations indépendantes. Même après l’unification de l’Italie, le&hellip;</p>
